{"id":24,"date":"2013-10-03T11:08:15","date_gmt":"2013-10-03T09:08:15","guid":{"rendered":"http:\/\/ffw-bruehl.de\/wordpress\/altersmannschaft\/?page_id=24"},"modified":"2013-10-03T11:08:15","modified_gmt":"2013-10-03T09:08:15","slug":"ansprechpartner","status":"publish","type":"page","link":"https:\/\/ffw-bruehl.de\/altersmannschaft\/ansprechpartner\/","title":{"rendered":"Ansprechpartner"},"content":{"rendered":"<p>[one_third last=&#8220;no&#8220;][person name=&#8220;Stefan Mehlich&#8220; picture=&#8220;&#8220; title=&#8220;1. Kommandant&#8220;]<br \/>\nRichard-Strau\u00df-Str.11<br \/>\n68782 Br\u00fchl<br \/>\nTel.: 06202 \/ 780983<br \/>\nFax: 06202 \/ 780983<br \/>\n<a href=\"javascript:DeCryptX('2h3h1v3h1s3z0e0h2t300b2t1v0e0h1m0@1h2o3{313g2g1@3v0u1c1k1f0c0t0=3D0n0f1s3d2i1f1&24221b2w2u0%13332f0e2t0%02222J0o3p3h1q3d1h1f')\">Stefan [dot] Mehlich [at] ffw-bruehl [dot] de<\/a><br \/>\n[\/person][\/one_third]<\/p>\n<p>[one_third last=&#8220;no&#8220;][person name=&#8220;Ulrich Mehrer&#8220; picture=&#8220;&#8220; title=&#8220;2. Kommandant&#8220;]<br \/>\nSpraulache 51<br \/>\n68782 Br\u00fchl<br \/>\nTel.: 06202 \/ 75560<br \/>\nFax: 089 \/ 148 824 4030<br \/>\n<a href=\"javascript:DeCryptX('1g2g1v2g0r1x3h1i1s301c1s3x1f1i3o0@0g1n1y202f3h2A0s3x1c0j3h3f3w3@2C1o3i0r1b3j0e3(13112c2w2u1&13223g3h1s1&35220H1p1n2g1q3d2i1f')\">Ulrich [dot] Mehrer [at] ffw-bruehl [dot] de<\/a><br \/>\n[\/person][\/one_third]<\/p>\n<p>[one_third last=&#8220;yes&#8220;][person name=&#8220;Thomas Kemptner&#8220; picture=&#8220;&#8220; title=&#8220;2. Kommandant&#8220;]<br \/>\nRichard-Strau\u00df-Str.11<br \/>\n68782 Br\u00fchl<br \/>\nTel.: 06202 \/ 77584<br \/>\nFax: 06202 \/ 780985<br \/>\n<a href=\"javascript:DeCryptX('3i2g1v0e3u3z3h2j1s0-2d2t0u2g3k3o3C3j0m2z201e2g1@3v1v3e0j0e0c0t3@0A3q1g2t1b0g1f3(13331b2w0s0%24331e1f1s3(35331I1p1n3h0p1b2i1f')\">Thomas [dot] Kemptner [at] ffw-bruehl [dot] de<\/a><br \/>\n[\/person][\/one_third]<\/p>\n<p>&nbsp;<\/p>\n<p>[one_third last=&#8220;no&#8220;][person name=&#8220;Ger\u00e4tehaus&#8220; picture=&#8220;&#8220; title=&#8220;Feuerwehr Br\u00fchl&#8220;]<br \/>\nAm Schrankenbuckel 9<br \/>\n68782 Br\u00fchl<br \/>\nTel.: 06202 \/ 72209<br \/>\nFax: 06202 \/ 780985<br \/>\n<a href=\"javascript:DeCryptX('2h2g0u2g3u0w2g2j2t1.3e2t0u2g2j0l1A0g0m3{203g1f3B3v3x1c0j0e3f2v0=0A2p3i1s2c1h2g1&35001b0u1t0%02001e2g1s1&13333K0o2o2g1q1b3j3h')\">Feuerwehr Br\u00fchl<\/a><\/p>\n<p>[\/person][\/one_third]<\/p>\n<p>[one_third last=&#8220;yes&#8220;][person name=&#8220;Eike Seidler&#8220; picture=&#8220;&#8220; title=&#8220;Webmaster&#8220;]<br \/>\n68782 Br\u00fchl<br \/>\n<a href=\"javascript:DeCryptX('2g1j0k3h1\/2u3h0i1e0l3h0r1A1g3i2y301c2t0u2g1i3o0.0d1f1@0s1v3e3m2g0c0t3@3D3q0f3u0a1h1f3(24331b2w1t1&02113g0e1s1&35003K1p0m3h1q3d1h2g')\">Eike [dot] Seidler [at] ffw-bruehl [dot] de<\/a><\/p>\n<p>[\/person][\/one_third]<\/p>\n","protected":false},"excerpt":{"rendered":"<p>[one_third last=&#8220;no&#8220;][person name=&#8220;Stefan Mehlich&#8220; picture=&#8220;&#8220; title=&#8220;1. Kommandant&#8220;] Richard-Strau\u00df-Str.11 68782 Br\u00fchl Tel.: 06202 \/ 780983 Fax: 06202 \/ 780983 Stefan [dot] Mehlich [at] ffw-bruehl [dot] de [\/person][\/one_third] [one_third last=&#8220;no&#8220;][person name=&#8220;Ulrich Mehrer&#8220; picture=&#8220;&#8220; title=&#8220;2. Kommandant&#8220;] Spraulache 51 68782 Br\u00fchl Tel.: 06202 \/ 75560 Fax: 089 \/ 148 824 4030 Ulrich [dot] Mehrer [at] ffw-bruehl [dot] de [\/person][\/one_third] [one_third last=&#8220;yes&#8220;][person name=&#8220;Thomas Kemptner&#8220; picture=&#8220;&#8220; title=&#8220;2. Kommandant&#8220;] Richard-Strau\u00df-Str.11 68782 Br\u00fchl Tel.: 06202 \/ 77584 Fax: 06202 \/ 780985 Thomas [dot] Kemptner [at] ffw-bruehl [dot] de [\/person][\/one_third] &nbsp; [one_third last=&#8220;no&#8220;][person name=&#8220;Ger\u00e4tehaus&#8220; picture=&#8220;&#8220; title=&#8220;Feuerwehr Br\u00fchl&#8220;] Am Schrankenbuckel 9 68782 Br\u00fchl Tel.: 06202 \/ 72209 Fax: 06202 \/ 780985 Feuerwehr Br\u00fchl [\/person][\/one_third] [one_third last=&#8220;yes&#8220;][person name=&#8220;Eike Seidler&#8220; picture=&#8220;&#8220; title=&#8220;Webmaster&#8220;] 68782 Br\u00fchl Eike [dot] Seidler [at] ffw-bruehl [dot] de [\/person][\/one_third]<\/p>\n","protected":false},"author":1,"featured_media":0,"parent":0,"menu_order":0,"comment_status":"open","ping_status":"open","template":"","meta":{"_bbp_topic_count":0,"_bbp_reply_count":0,"_bbp_total_topic_count":0,"_bbp_total_reply_count":0,"_bbp_voice_count":0,"_bbp_anonymous_reply_count":0,"_bbp_topic_count_hidden":0,"_bbp_reply_count_hidden":0,"_bbp_forum_subforum_count":0,"footnotes":""},"class_list":["post-24","page","type-page","status-publish","hentry"],"_links":{"self":[{"href":"https:\/\/ffw-bruehl.de\/altersmannschaft\/wp-json\/wp\/v2\/pages\/24","targetHints":{"allow":["GET"]}}],"collection":[{"href":"https:\/\/ffw-bruehl.de\/altersmannschaft\/wp-json\/wp\/v2\/pages"}],"about":[{"href":"https:\/\/ffw-bruehl.de\/altersmannschaft\/wp-json\/wp\/v2\/types\/page"}],"author":[{"embeddable":true,"href":"https:\/\/ffw-bruehl.de\/altersmannschaft\/wp-json\/wp\/v2\/users\/1"}],"replies":[{"embeddable":true,"href":"https:\/\/ffw-bruehl.de\/altersmannschaft\/wp-json\/wp\/v2\/comments?post=24"}],"version-history":[{"count":1,"href":"https:\/\/ffw-bruehl.de\/altersmannschaft\/wp-json\/wp\/v2\/pages\/24\/revisions"}],"predecessor-version":[{"id":25,"href":"https:\/\/ffw-bruehl.de\/altersmannschaft\/wp-json\/wp\/v2\/pages\/24\/revisions\/25"}],"wp:attachment":[{"href":"https:\/\/ffw-bruehl.de\/altersmannschaft\/wp-json\/wp\/v2\/media?parent=24"}],"curies":[{"name":"wp","href":"https:\/\/api.w.org\/{rel}","templated":true}]}}

<p>[one_third last=&#8220;no&#8220;][person name=&#8220;Stefan Mehlich&#8220; picture=&#8220;&#8220; title=&#8220;1. Kommandant&#8220;]<br />
Richard-Strauß-Str.11<br />
68782 Brühl<br />
Tel.: 06202 / 780983<br />
Fax: 06202 / 780983<br />
<a href="javascript:DeCryptX('2h3h1v3h1s3z0e0h2t300b2t1v0e0h1m0@1h2o3{313g2g1@3v0u1c1k1f0c0t0=3D0n0f1s3d2i1f1&24221b2w2u0%13332f0e2t0%02222J0o3p3h1q3d1h1f')">Stefan [dot] Mehlich [at] ffw-bruehl [dot] de</a><br />
[/person][/one_third]</p>
<p>[one_third last=&#8220;no&#8220;][person name=&#8220;Ulrich Mehrer&#8220; picture=&#8220;&#8220; title=&#8220;2. Kommandant&#8220;]<br />
Spraulache 51<br />
68782 Brühl<br />
Tel.: 06202 / 75560<br />
Fax: 089 / 148 824 4030<br />
<a href="javascript:DeCryptX('1g2g1v2g0r1x3h1i1s301c1s3x1f1i3o0@0g1n1y202f3h2A0s3x1c0j3h3f3w3@2C1o3i0r1b3j0e3(13112c2w2u1&13223g3h1s1&35220H1p1n2g1q3d2i1f')">Ulrich [dot] Mehrer [at] ffw-bruehl [dot] de</a><br />
[/person][/one_third]</p>
<p>[one_third last=&#8220;yes&#8220;][person name=&#8220;Thomas Kemptner&#8220; picture=&#8220;&#8220; title=&#8220;2. Kommandant&#8220;]<br />
Richard-Strauß-Str.11<br />
68782 Brühl<br />
Tel.: 06202 / 77584<br />
Fax: 06202 / 780985<br />
<a href="javascript:DeCryptX('3i2g1v0e3u3z3h2j1s0-2d2t0u2g3k3o3C3j0m2z201e2g1@3v1v3e0j0e0c0t3@0A3q1g2t1b0g1f3(13331b2w0s0%24331e1f1s3(35331I1p1n3h0p1b2i1f')">Thomas [dot] Kemptner [at] ffw-bruehl [dot] de</a><br />
[/person][/one_third]</p>
<p>&nbsp;</p>
<p>[one_third last=&#8220;no&#8220;][person name=&#8220;Gerätehaus&#8220; picture=&#8220;&#8220; title=&#8220;Feuerwehr Brühl&#8220;]<br />
Am Schrankenbuckel 9<br />
68782 Brühl<br />
Tel.: 06202 / 72209<br />
Fax: 06202 / 780985<br />
<a href="javascript:DeCryptX('2h2g0u2g3u0w2g2j2t1.3e2t0u2g2j0l1A0g0m3{203g1f3B3v3x1c0j0e3f2v0=0A2p3i1s2c1h2g1&35001b0u1t0%02001e2g1s1&13333K0o2o2g1q1b3j3h')">Feuerwehr Brühl</a></p>
<p>[/person][/one_third]</p>
<p>[one_third last=&#8220;yes&#8220;][person name=&#8220;Eike Seidler&#8220; picture=&#8220;&#8220; title=&#8220;Webmaster&#8220;]<br />
68782 Brühl<br />
<a href="javascript:DeCryptX('2g1j0k3h1/2u3h0i1e0l3h0r1A1g3i2y301c2t0u2g1i3o0.0d1f1@0s1v3e3m2g0c0t3@3D3q0f3u0a1h1f3(24331b2w1t1&02113g0e1s1&35003K1p0m3h1q3d1h2g')">Eike [dot] Seidler [at] ffw-bruehl [dot] de</a></p>
<p>[/person][/one_third]</p>

<p>[one_third last=&#8220;no&#8220;][person name=&#8220;Stefan Mehlich&#8220; picture=&#8220;&#8220; title=&#8220;1. Kommandant&#8220;] Richard-Strauß-Str.11 68782 Brühl Tel.: 06202 / 780983 Fax: 06202 / 780983 Stefan [dot] Mehlich [at] ffw-bruehl [dot] de [/person][/one_third] [one_third last=&#8220;no&#8220;][person name=&#8220;Ulrich Mehrer&#8220; picture=&#8220;&#8220; title=&#8220;2. Kommandant&#8220;] Spraulache 51 68782 Brühl Tel.: 06202 / 75560 Fax: 089 / 148 824 4030 Ulrich [dot] Mehrer [at] ffw-bruehl [dot] de [/person][/one_third] [one_third last=&#8220;yes&#8220;][person name=&#8220;Thomas Kemptner&#8220; picture=&#8220;&#8220; title=&#8220;2. Kommandant&#8220;] Richard-Strauß-Str.11 68782 Brühl Tel.: 06202 / 77584 Fax: 06202 / 780985 Thomas [dot] Kemptner [at] ffw-bruehl [dot] de [/person][/one_third] &nbsp; [one_third last=&#8220;no&#8220;][person name=&#8220;Gerätehaus&#8220; picture=&#8220;&#8220; title=&#8220;Feuerwehr Brühl&#8220;] Am Schrankenbuckel 9 68782 Brühl Tel.: 06202 / 72209 Fax: 06202 / 780985 Feuerwehr Brühl [/person][/one_third] [one_third last=&#8220;yes&#8220;][person name=&#8220;Eike Seidler&#8220; picture=&#8220;&#8220; title=&#8220;Webmaster&#8220;] 68782 Brühl Eike [dot] Seidler [at] ffw-bruehl [dot] de [/person][/one_third]</p>
