{"id":127,"date":"2021-06-07T13:49:23","date_gmt":"2021-06-07T11:49:23","guid":{"rendered":"https:\/\/ffw-bruehl.de\/foerdern\/?page_id=127"},"modified":"2024-11-16T00:45:50","modified_gmt":"2024-11-15T22:45:50","slug":"ueber-uns","status":"publish","type":"page","link":"https:\/\/ffw-bruehl.de\/foerdern\/ueber-uns\/","title":{"rendered":"\u00dcber uns"},"content":{"rendered":"\n<p>Liebe Mitb\u00fcrgerinnen und Mitb\u00fcrger,<\/p>\n\n\n\n<p>wir freuen uns, Ihnen den F\u00f6rderverein der Freiwilligen Feuerwehr Br\u00fchl vorzustellen. Gegr\u00fcndet wurde dieser am 19.07.2019 mit dem Ziel, die Arbeit des Ehrenamtes zu unterst\u00fctzen und den Mitgliedern aller Abteilungen der Feuerwehr Br\u00fchl f\u00fcr ihren Einsatz zu danken.<\/p>\n\n\n\n<p>Sie werden sich vielleicht schon die Frage gestellt haben: &#8222;Warum soll ein F\u00f6rderverein die Feuerwehr unterst\u00fctzen? Das ist doch eigentlich Sache der Gemeinde!&#8220; Diese Feststellung ist richtig. Der Gesetzgeber hat die Kommunen, als Kostentr\u00e4ger der Feuerwehren, verpflichtet die Ausstattung und Schulungen finanziell zu tragen. Die Gemeinde Br\u00fchl kommt ihren Verpflichtungen im Brandschutzwesen in vollem Umfang nach.<\/p>\n\n\n\n<p><strong>Wenn dies alles erf\u00fcllt ist, warum dann einen F\u00f6rderverein? Soll der Kostentr\u00e4ger entlastet werden?<\/strong><\/p>\n\n\n\n<p>Das wollen wir nicht. Der Verein wird kein feuerwehrtechnisches Ger\u00e4t anschaffen oder finanzieren, zu dem die Gemeinde Br\u00fchl gesetzlich verpflichtet ist. Aber nat\u00fcrlich gibt es sinnvolle W\u00fcnsche, die wir dem Steuerzahler nicht zumuten d\u00fcrfen und m\u00f6chten. Die Kameradschaft steht an erster Stelle und hier wollen wir Aktivit\u00e4ten finanzieren, die f\u00fcr alle Mitglieder der Freiwilligen Feuerwehr Br\u00fchl sind.<\/p>\n\n\n\n<p><strong>Wie k\u00f6nnen Sie helfen?<\/strong><\/p>\n\n\n\n<p>Der F\u00f6rderverein der Feuerwehr Br\u00fchl freut sich \u00fcber jeden Unterst\u00fctzer. Neben Feuerwehrfrauen \/-m\u00e4nner, deren Angeh\u00f6rigen, Freunde und Arbeitgeber lebt der F\u00f6rderverein von der Vielfalt seiner Mitglieder. Am einfachsten k\u00f6nnen Sie dem F\u00f6rderverein durch eine finanzielle Unterst\u00fctzung helfen, indem Sie Mitglied werden.<\/p>\n\n\n\n<p>Aber auch jede andere Art der Mithilfe, sei es in Form von Sachspenden oder der Bereitstellung von personeller oder technischer Ausstattung bei der Ausrichtung von Veranstaltungen ist herzlich willkommen. <\/p>\n\n\n\n<p> Der Vorstand des F\u00f6rdervereins<br>1. Vorsitzende Melanie Schuhmacher<br>2. Vorsitzender Andr\u00e9 Bruns<\/p>\n","protected":false},"excerpt":{"rendered":"<p>Liebe Mitb\u00fcrgerinnen und Mitb\u00fcrger, wir freuen uns, Ihnen den F\u00f6rderverein der Freiwilligen Feuerwehr Br\u00fchl vorzustellen. Gegr\u00fcndet wurde dieser am 19.07.2019 mit dem Ziel, die Arbeit des Ehrenamtes zu unterst\u00fctzen und den Mitgliedern aller Abteilungen der Feuerwehr Br\u00fchl f\u00fcr ihren Einsatz zu danken. Sie werden sich vielleicht schon die Frage gestellt haben: &#8222;Warum soll ein F\u00f6rderverein die Feuerwehr unterst\u00fctzen? Das ist doch eigentlich Sache der Gemeinde!&#8220; Diese Feststellung ist richtig. Der Gesetzgeber hat die Kommunen, als Kostentr\u00e4ger der Feuerwehren, verpflichtet die Ausstattung und Schulungen finanziell zu tragen. Die Gemeinde Br\u00fchl kommt ihren Verpflichtungen im Brandschutzwesen in vollem Umfang nach. Wenn dies<\/p>\n","protected":false},"author":5,"featured_media":74,"parent":0,"menu_order":0,"comment_status":"closed","ping_status":"closed","template":"","meta":{"_bbp_topic_count":0,"_bbp_reply_count":0,"_bbp_total_topic_count":0,"_bbp_total_reply_count":0,"_bbp_voice_count":0,"_bbp_anonymous_reply_count":0,"_bbp_topic_count_hidden":0,"_bbp_reply_count_hidden":0,"_bbp_forum_subforum_count":0,"footnotes":""},"class_list":["post-127","page","type-page","status-publish","has-post-thumbnail","hentry"],"_links":{"self":[{"href":"https:\/\/ffw-bruehl.de\/foerdern\/wp-json\/wp\/v2\/pages\/127","targetHints":{"allow":["GET"]}}],"collection":[{"href":"https:\/\/ffw-bruehl.de\/foerdern\/wp-json\/wp\/v2\/pages"}],"about":[{"href":"https:\/\/ffw-bruehl.de\/foerdern\/wp-json\/wp\/v2\/types\/page"}],"author":[{"embeddable":true,"href":"https:\/\/ffw-bruehl.de\/foerdern\/wp-json\/wp\/v2\/users\/5"}],"replies":[{"embeddable":true,"href":"https:\/\/ffw-bruehl.de\/foerdern\/wp-json\/wp\/v2\/comments?post=127"}],"version-history":[{"count":5,"href":"https:\/\/ffw-bruehl.de\/foerdern\/wp-json\/wp\/v2\/pages\/127\/revisions"}],"predecessor-version":[{"id":216,"href":"https:\/\/ffw-bruehl.de\/foerdern\/wp-json\/wp\/v2\/pages\/127\/revisions\/216"}],"wp:featuredmedia":[{"embeddable":true,"href":"https:\/\/ffw-bruehl.de\/foerdern\/wp-json\/wp\/v2\/media\/74"}],"wp:attachment":[{"href":"https:\/\/ffw-bruehl.de\/foerdern\/wp-json\/wp\/v2\/media?parent=127"}],"curies":[{"name":"wp","href":"https:\/\/api.w.org\/{rel}","templated":true}]}}